t is the tens digit of 1200608?
0
What is the hundred thousands digit of 334292?
3
What is the hundred thousands digit of 796930?
7
What is the ten thousands digit of 21817519?
1
What is the ten thousands digit of 3121717?
2
What is the ten thousands digit of 295413?
9
What is the tens digit of 223342?
4
What is the tens digit of 3156856?
5
What is the thousands digit of 2558216?
8
What is the tens digit of 612122?
2
What is the ten millions digit of 18147911?
1
What is the hundred thousands digit of 22362245?
3
What is the thousands digit of 1680090?
0
What is the hundreds digit of 1867297?
2
What is the thousands digit of 232324?
2
What is the hundred thousands digit of 558602?
5
What is the hundred thousands digit of 218257?
2
What is the thousands digit of 951602?
1
What is the thousands digit of 3131025?
1
What is the thousands digit of 8893983?
3
What is the hundreds digit of 31550837?
8
What is the thousands digit of 1806595?
6
What is the tens digit of 188529?
2
What is the millions digit of 27173110?
7
What is the hundreds digit of 4015122?
1
What is the tens digit of 280762?
6
What is the hundreds digit of 180688?
6
What is the ten thousands digit of 1175408?
7
What is the tens digit of 247552?
5
What is the thousands digit of 537811?
7
What is the millions digit of 8050680?
8
What is the millions digit of 23548146?
3
What is the ten thousands digit of 6844464?
4
What is the tens digit of 9125860?
6
What is the hundreds digit of 2122963?
9
What is the units digit of 1821831?
1
What is the hundred thousands digit of 105523?
1
What is the hundred thousands digit of 6241948?
2
What is the units digit of 32456523?
3
What is the hundreds digit of 6510702?
7
What is the hundreds digit of 1550284?
2
What is the hundreds digit of 1266885?
8
What is the units digit of 114849?
9
What is the units digit of 611668?
8
What is the hundreds digit of 712759?
7
What is the hundreds digit of 648912?
9
What is the hundreds digit of 196733?
7
What is the thousands digit of 12920792?
0
What is the units digit of 590800?
0
What is the hundred thousands digit of 17161341?
1
What is the hundred thousands digit of 3005751?
0
What is the units digit of 973824?
4
What is the units digit of 187762?
2
What is the units digit of 2151162?
2
What is the tens digit of 8300440?
4
What is the ten thousands digit of 5036321?
3
What is the hundred thousands digit of 1712161?
7
What is the units digit of 196709?
9
What is the hundred thousands digit of 936671?
9
What is the tens digit of 1623244?
4
What is the tens digit of 2599149?
4
What is the thousands digit of 1149?
1
What is the hundred thousands digit of 298396?
2
What is the hundreds digit of 7965611?
6
What is the thousands digit of 26668194?
8
What is the units digit of 2369513?
3
What is the tens digit of 61305?
0
What is the thousands digit of 222643?
2
What is the thousands digit of 895936?
5
What is the tens digit of 126758?
5
What is the ten thousands digit of 418166?
1
What is the hundred thousands digit of 33242148?
2
What is the units digit of 585800?
0
What is the thousands digit of 5172175?
2
What is the thousands digit of 5981751?
1
What is the thousands digit of 33528675?
8
What is the tens digit of 17157501?
0
What is the thousands digit of 388685?
8
What is the units digit of 12094701?
1
What is the units digit of 5806303?
3
What is the tens digit of 2992841?
4
What is the hundreds digit of 6141130?
1
What is the units digit of 950443?
3
What is the ten thousands digit of 3773596?
7
What is the thousands digit of 370415?
0
What is the hundreds digit of 15326606?
6
What is the ten thousands digit of 8177551?
7
What is the tens digit of 2113907?
0
What is the tens digit of 415592?
9
What is the tens digit of 1645789?
8
What is the hundreds digit of 23881?
8
What is the units digit of 141368?
8
What is the tens digit of 790653?
5
What is the thousands digit of 225051?
5
What is the ten thousands digit of 1020881?
2
What is the ten thousands digit of 18184203?
8
What is the hundred thousands digit of 2523944?
5
What is the hundred thousands digit of 1206506?
2
What is the hundred thousands digit of 360488?
3
What is the units digit of 877132?
2
What is the millions digit of 41895008?
1
What is the millions digit of 14202003?
4
What is the hundred thousands digit of 4795534?
7
What is the units digit of 3543391?
1
What is the units digit of 972901?
1
What is the hundreds digit of 26479?
4
What is the thousands digit of 198690?
8
What is the ten thousands digit of 36157?
3
What is the thousands digit of 452662?
2
What is the thousands digit of 746943?
6
What is the tens digit of 11317744?
4
What is the hundreds digit of 9714383?
3
What is the tens digit of 32034616?
1
What is the ten thousands digit of 3243900?
4
What is the units digit of 989712?
2
What is the units digit of 201153?
3
What is the thousands digit of 350007?
0
What is the hundred thousands digit of 183689?
1
What is the hundreds digit of 20730?
7
What is the thousands digit of 2540002?
0
What is the millions digit of 13356213?
3
What is the units digit of 2420453?
3
What is the thousands digit of 17628621?
8
What is the tens digit of 99705?
0
What is the tens digit of 2705512?
1
What is the units digit of 94649?
9
What is the tens digit of 2079699?
9
What is the ten thousands digit of 3493038?
9
What is the hundreds digit of 188811?
8
What is the units digit of 9748825?
5
What is the ten thousands digit of 909530?
0
What is the thousands digit of 1464460?
4
What is the hundred thousands digit of 15701832?
7
What is the hundreds digit of 2361047?
0
What is the thousands digit of 755756?
5
What is the hundred thousands digit of 2949766?
9
What is the tens digit of 23416447?
4
What is the hundreds digit of 20941604?
6
What is the ten thousands digit of 34908587?
0
What is the ten thousands digit of 8113884?
1
What is the thousands digit of 1872923?
2
What is the hundreds digit of 19527?
5
What is the thousands digit of 156096?
6
What is the hundreds digit of 1271228?
2
What is the units digit of 2034432?
2
What is the units digit of 4043852?
2
What is the hundreds digit of 211864?
8
What is the hundreds digit of 248587?
5
What is the hundreds digit of 710245?
2
What is the hundreds digit of 18296826?
8
What is the thousands digit of 22912837?
2
What is the ten millions digit of 30006801?
3
What is the thousands digit of 13106525?
6
What is the units digit of 373120?
0
What is the hundred thousands digit of 419546?
4
What is the hundreds digit of 970575?
5
What is the thousands digit of 4273340?
3
What is the units digit of 1829918?
8
What is the hundreds digit of 143506?
5
What is the hundreds digit of 3666603?
6
What is the ten thousands digit of 198276?
9
What is the thousands digit of 17886035?
6
What is the hundreds digit of 1136531?
5
What is the thousands digit of 92540?
2
What is the thousands digit of 1728627?
8
What is the thousands digit of 1416393?
6
What is the thousands digit of 439957?
9
What is the hundred thousands digit of 15985340?
9
What is the millions digit of 2422036?
2
What is the hundreds digit of 1163764?
7
What is the hundreds digit of 8998304?
3
What is the thousands digit of 240654?
0
What is the ten thousands digit of 1386396?
8
What is the millions digit of 3939335?
3
What is the tens digit of 559590?
9
What is the hundreds digit of 87481?
4
What is the hundred thousands digit of 15527873?
5
What is the units digit of 237677?
7
What is the hundred thousands digit of 227061?
2
What is the thousands digit of 637413?
7
What is the millions digit of 4010405?
4
What is the thousands digit of 16943221?
3
What is the thousands digit of 347071?
7
What is the hundreds digit of 426148?
1
What is the hundred thousands digit of 4747250?
7
What is the ten thousands digit of 50205?
5
What is the tens digit of 5012591?
9
What is the tens digit of 154065?
6
What is the hundreds digit of 2069032?
0
What is the units digit of 406983?
3
What is the units digit of 69968?
8
What is the ten thousands digit of 4459286?
5
What is the thousands digit of 247821?
7
What is the hundred thousands digit of 3963151?
9
What is the hundreds digit of 4331842?
8
What is the hundreds digit of 543185?
1
What is the thousands digit of 1734593?